-5*o + 4 = -16. Suppose o = -c*h - z + 13, 5*h - 29 = 4*z. What is the remainder when 8 is divided by h?
3
Let h(u) = u + 15. Let c be h(-8). Let a = 10 + c. Suppose 0*s + 36 = 4*s. Calculate the remainder when a is divided by s.
8
Let t(f) = 3*f**3 - f**2 - 3*f - 3. Let s = 58 - 27. Calculate the remainder when t(3) is divided by s.
29
Let w be (8/6)/(16/24). Suppose 0 = o - w*o + 13. Calculate the remainder when 24 is divided by o.
11
Let q = 23 - 18. What is the remainder when 19 is divided by q?
4
Suppose -2*o = 2*q - 8 - 0, -2*q = o - 5. What is the remainder when ((-1 - -3) + 1)/(1 - 0) is divided by q?
0
Let b be (261/6)/(6/(-8)). Let y = -40 - b. Suppose 2*s - 20 = -l - 4, -3*l + 2*s + 24 = 0. Calculate the remainder when y is divided by l.
8
Suppose 0 = s + s - 22. Suppose 3 + 29 = z. Calculate the remainder when z is divided by s.
10
Suppose 3*r + 0*r = -3. Let j be (1/r)/(2/(-44)). Suppose 0 = 3*z - 4*q - j, -3*q + 1 = z - 2. What is the remainder when 11 is divided by z?
5
Let i = 97 - 54. Let n = i - 21. What is the remainder when 85 is divided by n?
19
Let l(g) = -5*g + 1. Suppose 4*p - 5*u - 163 = 0, -3*p - 3*u + 122 = -7*u. Let f = -25 + p. Calculate the remainder when f is divided by l(-1).
5
Let f be 2 - 10/(-3)*-3. Let l = 6 - 2. Calculate the remainder when f*((-3)/l + -2) is divided by 12.
10
Suppose 28 + 26 = 6*v. Calculate the remainder when 23 is divided by v.
5
Let y(g) = -8*g + 2. What is the remainder when 38 is divided by y(-1)?
8
Calculate the remainder when 30 is divided by ((-2)/4)/((-19)/418).
8
Calculate the remainder when 39 is divided by 43/2 - (-6)/(-4).
19
Let w(r) = -11*r - 20. Let h(v) be the first derivative of -v**3/3 + 4*v**2 + v - 1. What is the remainder when w(-6) is divided by h(5)?
14
Let m be (-1 - 0 - -6) + 0. Suppose 0 = -m*g + 2*g + 66. Suppose 2*y - 4*r - 76 = -3*y, -r - 64 = -5*y. What is the remainder when g is divided by y?
10
Let z(f) = f**3 - 2*f. Let j be z(2). Suppose j*a - 8 = 0, -5*m + a + 72 = 2*a. Calculate the remainder when 27 is divided by m.
13
Suppose 2*y - 3*l - 27 = -6, 10 = -2*l. Suppose 5*n + t - 35 = -y*t, -n + 2*t + 21 = 0. Calculate the remainder when n is divided by (1*-3)/(9/(-12)).
3
Let p = 3 - 5. What is the remainder when 7 is divided by (-5 + (1 - p))*-1?
1
Let s be 10 + 2/(-4)*4. Suppose -12*v = -s*v - 64. Calculate the remainder when 61 is divided by v.
13
Suppose 0 = -a + 5*a - 52. Suppose -4*b = -0*b - 16. Calculate the remainder when a is divided by b.
1
Let g = 1 + 1. Suppose -5*x = -5*n + 60, x - 12 = -g*n - 0. Calculate the remainder when 15 is divided by n.
7
Suppose 0 = -3*j + 6*j + 5*m - 90, 2*m = j - 19. Let f = 39 - j. Calculate the remainder when f is divided by 4.
2
What is the remainder when (54/(-8))/(-5 - (-462)/96) is divided by 20?
16
Let f(a) = -a + 85. Calculate the remainder when f(0) is divided by 29.
27
Let i(m) = m + 8. Let d be -7 - -2 - (1 - 1). Let j(r) = r**2 + 3*r - 7. What is the remainder when i(-4) is divided by j(d)?
1
Let m(x) = -85*x - 17. Let j(b) = -21*b - 4. Let y(c) = 17*j(c) - 4*m(c). What is the remainder when y(-3) is divided by (-11)/(-1) - (-1 + (9 - 10))?
12
Let n(g) = g + 12. Let w be n(-5). Let y(q) = -5*q. Let l(i) = 5*i. Let z(m) = -3*l(m) - 4*y(m). Calculate the remainder when z(w) is divided by 12.
11
Let c be 1*-1 - (-5 - -1). Suppose 5*p + y = 32, 1 = p - y + c*y. What is the remainder when 25 is divided by p?
4
Let n = 48 - 23. Calculate the remainder when n is divided by 8/6*(-210)/(-20).
11
Let w(b) = -b**2 + 8*b - 6. Let n = -4 + 9. Calculate the remainder when 26 is divided by w(n).
8
Let b = 5 + -13. Let y(c) = -3*c - 1. Calculate the remainder when y(b) is divided by 8.
7
Let h(p) = 22*p**3 + p**2 - p. Suppose 0*u - 60 = 5*u. Calculate the remainder when h(1) is divided by 2/(1 - (-9)/u).
6
Let y = 2 - 3. Let s be (-2 + 12)/(-2) - y. Calculate the remainder when 24 is divided by (-1)/s + 51/4.
11
Let s(u) = u**3 + 8*u**2 - 11*u - 3. What is the remainder when 58 is divided by s(-9)?
13
Let q(i) = -i**3 - 6*i**2 - 2*i - 8. Suppose -2*h + 6 = -3*h. Let w be q(h). Let n(z) = 8*z - 4. Calculate the remainder when n(w) is divided by 10.
8
Let t(a) = -a**2 + 22*a - 39. What is the remainder when 103 is divided by t(19)?
13
Let v be 3/(-9) - (-408)/9. Suppose 2*b - 5*b + v = 0. Calculate the remainder when 43 is divided by b.
13
Let w = 23 + -10. Suppose 2*l - 190 = -4*k, -2*l - 3*k = -7*l + 501. Let i = l - 62. Calculate the remainder when i is divided by w.
11
Suppose -a + 3*n + 16 = 7*n, 2*a - 62 = 2*n. Calculate the remainder when 55 is divided by a.
27
Let c = -40 + 27. Let d = -5 - c. Calculate the remainder when 21 is divided by d.
5
Let u = 3 + 3. What is the remainder when 26*(15/u + -2) is divided by 7?
6
Suppose 0 = -2*h - 7 + 3. Let k(d) = 6*d**2 + 2*d + 2. Calculate the remainder when k(h) is divided by 12.
10
Calculate the remainder when 51 is divided by (-3 - -2)/((-5)/70).
9
Let r = 103 + -61. Calculate the remainder when r is divided by 15.
12
Let w = 93 + -80. What is the remainder when 22 is divided by w?
9
Calculate the remainder when (20 - (2 - 1)) + 2 is divided by ((-32)/10)/(2/(-5)).
5
Let h be -1 - (-2 + -1 - 0). Suppose -q + 5*y = -16, q - 4*q + 65 = h*y. What is the remainder when 62 is divided by q?
20
Suppose -17*z + 23*z - 48 = 0. Calculate the remainder when 28 is divided by z.
4
Let z = 31 - 25. Suppose -2*l = -6*l. What is the remainder when z is divided by 4*(l + 1 + 0)?
2
Let v(s) = 5*s - 32. What is the remainder when v(16) is divided by 26?
22
Suppose 0 = 5*x - 3*l - 19 - 116, -4*x + 4*l + 100 = 0. What is the remainder when 89 is divided by x?
29
Calculate the remainder when 26 is divided by 220/15 - 4/6.
12
Suppose 4*j + 9 = 4*d + 25, -d = 2. Let a = 27 - 17. Let g = 12 - a. What is the remainder when j is divided by g?
0
Let o(k) be the second derivative of k**4/2 + k**3/6 + k**2/2 + 3*k. Suppose -20 = x - 3*x. Calculate the remainder when x is divided by o(-1).
4
Let n = -18 - -41. Let i = 21 + -15. Calculate the remainder when n is divided by i.
5
Let n(o) = o**2 - 6. Let g be n(7). Let l = g - -7. Calculate the remainder when l is divided by 13.
11
Suppose -5*z + 35 = -245. What is the remainder when z is divided by ((-26)/12 + -1)/((-20)/120)?
18
Let c = 178 - 155. What is the remainder when c is divided by 12?
11
Let t(o) = o**3 - 3*o**2 - 10*o - 5. Let z(a) = -a. Let g(d) = t(d) - 4*z(d). What is the remainder when g(5) is divided by 8?
7
Suppose 1 = -3*s + 28. Let g(k) = k**3 - 10*k**2 + 14*k - 10. Calculate the remainder when g(s) is divided by 9.
8
Let w(f) = f**3 - f**2 - f - 2. Let b be w(2). Suppose -t - n + 19 = b, t - n = -0*t + 27. What is the remainder when 4/6*(65 - -1) is divided by t?
21
Suppose -3*z + 9 = -3. What is the remainder when -5*(1 + 22/(-10)) is divided by z?
2
Let c(m) = -10*m - m**2 - 5*m + 1 + 6*m - 4. Calculate the remainder when 17 is divided by c(-8).
2
Let u = -29 + 79. Let s = u - 36. What is the remainder when 53 is divided by s?
11
Let w = 36 - 10. Calculate the remainder when w is divided by ((-30)/(-8))/(10/40).
11
Suppose -8*o + 306 = -102. Calculate the remainder when o is divided by 18.
15
Let y = -91 + 118. What is the remainder when y is divided by 16?
11
Let o(p) = -p - p**3 + 0*p - 6*p**2 + 0*p**3 + 8. Calculate the remainder when 26 is divided by o(-6).
12
Let q(j) = j**2 + 12*j + 22. Let r = 17 - -25. What is the remainder when r is divided by q(-11)?
9
Let k(s) = s**3 + 6*s**2 + s + 5. What is the remainder when k(-5) is divided by ((-2)/4 - 3)*-2?
4
Let h(w) = w**2 + 3*w - 4. Let g = -7 + 2. Let a be h(g). What is the remainder when 39 is divided by 26*3/a + -3?
9
Suppose -3*r + 0*r = -i - 22, 3*r + 3*i - 18 = 0. What is the remainder when 19 is divided by r?
5
Let c = -3 + 13. Suppose c*k - 5*k = 70. What is the remainder when k is divided by 8?
6
Suppose 2*m = -4*y + 7*m + 39, -4*y + 3*m + 41 = 0. What is the remainder when 41 is divided by y?
8
Suppose 17 = -3*t + w + 3*w, -w + 3 = -2*t. Suppose -t = d, -d = -a - 6*d - 1. Suppose -g - 1 + a = 0. What is the remainder when 5 is divided by g?
2
Let z = -125 - -132. Calculate the remainder when 30 is divided by z.
2
Suppose 4*y = 26 + 18. Let m(f) = -6*f - 16. C